{"id":390,"date":"2015-04-06T14:32:17","date_gmt":"2015-04-06T18:32:17","guid":{"rendered":"http:\/\/caslabs.case.edu\/medren\/?page_id=390"},"modified":"2017-10-30T10:04:36","modified_gmt":"2017-10-30T14:04:36","slug":"trumpet-medieval","status":"publish","type":"page","link":"https:\/\/caslabs.case.edu\/medren\/medieval-instruments\/trumpet-medieval\/","title":{"rendered":"Trumpet (Medieval)"},"content":{"rendered":"<p>The medieval trumpet, or buisine, was typically straight and therefore somewhat unwieldy. It was probably used just for military calls and drones.<\/p>\n<div class=\"row column-group-1\"><\/p>\n<p><div class=\"col-xs-12 col-sm-12 col-md-6 col-lg-6\"><\/p>\n<div id=\"attachment_392\" style=\"width: 298px\" class=\"wp-caption aligncenter\"><a href=\"https:\/\/artscimedia.case.edu\/wp-content\/uploads\/sites\/146\/2015\/04\/14215020\/buisines.jpg\"><img aria-describedby=\"caption-attachment-392\" loading=\"lazy\" class=\"wp-image-392 size-full\" src=\"https:\/\/artscimedia.case.edu\/wp-content\/uploads\/sites\/146\/2015\/04\/14215020\/buisines.jpg\" alt=\"\" width=\"288\" height=\"60\" srcset=\"https:\/\/artscimedia.case.edu\/wp-content\/uploads\/sites\/146\/2015\/04\/14215020\/buisines.jpg 288w, https:\/\/artscimedia.case.edu\/wp-content\/uploads\/sites\/146\/2015\/04\/14215020\/buisines-100x21.jpg 100w\" sizes=\"(max-width: 288px) 100vw, 288px\" \/><\/a><p id=\"caption-attachment-392\" class=\"wp-caption-text\">Buisines. 14th-century manuscript illumination (detail) from Boethius, De Arithmetica. Naples, Biblioteca Nazionale, MS V.A.14, fol. 47r.<\/p><\/div>\n<p>&nbsp;<\/p>\n<p>\n<\/div><\/p>\n<p><div class=\"col-xs-12 col-sm-12 col-md-6 col-lg-6\"><\/p>\n<div id=\"attachment_396\" style=\"width: 232px\" class=\"wp-caption aligncenter\"><a href=\"https:\/\/artscimedia.case.edu\/wp-content\/uploads\/sites\/146\/2015\/04\/14215018\/u_tpt.jpg\"><img aria-describedby=\"caption-attachment-396\" loading=\"lazy\" class=\"wp-image-396 size-full\" src=\"https:\/\/artscimedia.case.edu\/wp-content\/uploads\/sites\/146\/2015\/04\/14215018\/u_tpt.jpg\" alt=\"\" width=\"222\" height=\"288\" srcset=\"https:\/\/artscimedia.case.edu\/wp-content\/uploads\/sites\/146\/2015\/04\/14215018\/u_tpt.jpg 222w, https:\/\/artscimedia.case.edu\/wp-content\/uploads\/sites\/146\/2015\/04\/14215018\/u_tpt-100x130.jpg 100w\" sizes=\"(max-width: 222px) 100vw, 222px\" \/><\/a><p id=\"caption-attachment-396\" class=\"wp-caption-text\">U-shaped trumpet. Marginal decoration from The Hours of Charles the Noble (ca.1404). Cleveland Museum of Art 64.40, fol. 272r.<\/p><\/div>\n<p>\n<\/div><\/p>\n<p><\/div>\n<!--[if lt IE 9]><script>document.createElement('audio');<\/script><![endif]-->\n<audio class=\"wp-audio-shortcode\" id=\"audio-390-1\" preload=\"none\" style=\"width: 100%;\" controls=\"controls\"><source type=\"audio\/mpeg\" src=\"https:\/\/artscimedia.case.edu\/wp-content\/uploads\/sites\/146\/2015\/04\/14233248\/17.shawms_slide_tpt1.mp3?_=1\" \/><a href=\"https:\/\/artscimedia.case.edu\/wp-content\/uploads\/sites\/146\/2015\/04\/14233248\/17.shawms_slide_tpt1.mp3\">https:\/\/artscimedia.case.edu\/wp-content\/uploads\/sites\/146\/2015\/04\/14233248\/17.shawms_slide_tpt1.mp3<\/a><\/audio>\n<p>Shawms and slide trumpet. Gothic Winds. Les Haulz et les Bas. Christophorus CHR 77193 (1996). Trk 17 Qui latuit.<\/p>\n<p>&nbsp;<\/p>\n<p>Starting around 1400, U-bends, S-curves, and then folding allowed lengthening and more convenient handling of the trumpet. Soon after that, the instrument spawned the slide trumpet, which allowed the variable lengthening of the instrument (and thus the playing of more pitches) by means of a single slide.<\/p>\n<div class=\"row column-group-2\"><\/p>\n<p><div class=\"col-xs-12 col-sm-12 col-md-6 col-lg-6\"><\/p>\n<div id=\"attachment_394\" style=\"width: 298px\" class=\"wp-caption aligncenter\"><a href=\"https:\/\/artscimedia.case.edu\/wp-content\/uploads\/sites\/146\/2015\/04\/14215019\/s_tpt.jpg\"><img aria-describedby=\"caption-attachment-394\" loading=\"lazy\" class=\"wp-image-394 size-full\" src=\"https:\/\/artscimedia.case.edu\/wp-content\/uploads\/sites\/146\/2015\/04\/14215019\/s_tpt.jpg\" alt=\"\" width=\"288\" height=\"217\" srcset=\"https:\/\/artscimedia.case.edu\/wp-content\/uploads\/sites\/146\/2015\/04\/14215019\/s_tpt.jpg 288w, https:\/\/artscimedia.case.edu\/wp-content\/uploads\/sites\/146\/2015\/04\/14215019\/s_tpt-100x75.jpg 100w\" sizes=\"(max-width: 288px) 100vw, 288px\" \/><\/a><p id=\"caption-attachment-394\" class=\"wp-caption-text\">S-shaped trumpet. Marginal decoration from The Hours of Charles the Noble (ca.1404). Cleveland Museum of Art 64.40, fol. 316r.<\/p><\/div>\n<p>&nbsp;<\/p>\n<p>\n<\/div><\/p>\n<p><div class=\"col-xs-12 col-sm-12 col-md-6 col-lg-6\"><\/p>\n<div id=\"attachment_393\" style=\"width: 298px\" class=\"wp-caption aligncenter\"><a href=\"https:\/\/artscimedia.case.edu\/wp-content\/uploads\/sites\/146\/2015\/04\/14215020\/folded.tpt_.jpg\"><img aria-describedby=\"caption-attachment-393\" loading=\"lazy\" class=\"wp-image-393 size-full\" src=\"https:\/\/artscimedia.case.edu\/wp-content\/uploads\/sites\/146\/2015\/04\/14215020\/folded.tpt_.jpg\" alt=\"\" width=\"288\" height=\"230\" srcset=\"https:\/\/artscimedia.case.edu\/wp-content\/uploads\/sites\/146\/2015\/04\/14215020\/folded.tpt_.jpg 288w, https:\/\/artscimedia.case.edu\/wp-content\/uploads\/sites\/146\/2015\/04\/14215020\/folded.tpt_-100x80.jpg 100w\" sizes=\"(max-width: 288px) 100vw, 288px\" \/><\/a><p id=\"caption-attachment-393\" class=\"wp-caption-text\">Folded trumpet. &#8220;May&#8221; (detail) from the Tr\u00e8s Riches Heures du Duc de Berry (ca.1416). Chantilly, Mus\u00e9e Cond\u00e9.<\/p><\/div>\n<p>\n<\/div><\/p>\n<p><\/div>\n<p>By the mid-15th century, the slide trumpet evolved into the double-slided trombone or sackbut. The slide trumpet and later the sackbut found a place in the shawm band, playing dances and ceremonial music especially.<\/p>\n<div id=\"attachment_395\" style=\"width: 217px\" class=\"wp-caption aligncenter\"><a href=\"https:\/\/artscimedia.case.edu\/wp-content\/uploads\/sites\/146\/2015\/04\/14215019\/shawm_sl.tpt_1.jpg\"><img aria-describedby=\"caption-attachment-395\" loading=\"lazy\" class=\"size-full wp-image-395\" src=\"https:\/\/artscimedia.case.edu\/wp-content\/uploads\/sites\/146\/2015\/04\/14215019\/shawm_sl.tpt_1.jpg\" alt=\"Shawm &amp; slide trumpet. Angel musician (detail) from the Najera Tryptich by Hans Memling (ca.1480). Antwerp, Mus\u00e9e des Beaux-Arts, no. 779.\" width=\"207\" height=\"288\" srcset=\"https:\/\/artscimedia.case.edu\/wp-content\/uploads\/sites\/146\/2015\/04\/14215019\/shawm_sl.tpt_1.jpg 207w, https:\/\/artscimedia.case.edu\/wp-content\/uploads\/sites\/146\/2015\/04\/14215019\/shawm_sl.tpt_1-100x139.jpg 100w\" sizes=\"(max-width: 207px) 100vw, 207px\" \/><\/a><p id=\"caption-attachment-395\" class=\"wp-caption-text\">Shawm &amp; slide trumpet. Angel musician (detail) from the Najera Tryptich by Hans Memling (ca.1480). Antwerp, Mus\u00e9e des Beaux-Arts, no. 779.<\/p><\/div>\n<p>&nbsp;<\/p>\n","protected":false},"excerpt":{"rendered":"<p>The medieval trumpet, or buisine, was typically straight and therefore somewhat unwieldy. It was probably used just for military calls and drones.<\/p>\n<p>Shawms and slide trumpet. Gothic Winds. Les Haulz et les Bas. Christophorus CHR 77193 (1996). Trk 17 Qui latuit.<\/p>\n<p>&nbsp;<\/p>\n<p>Starting around 1400, U-bends, S-curves, and then folding allowed lengthening and more convenient handling of the trumpet. Soon after that, the instrument spawned the slide trumpet, which allowed the variable lengthening of the instrument (and thus the playing of more pitches) by means of a single slide.<\/p>\n<p>By the mid-15th century,<\/p>\n<p><a href=\"https:\/\/caslabs.case.edu\/medren\/medieval-instruments\/trumpet-medieval\/\" class=\"more-link\">Continue reading&#8230; <span class=\"screen-reader-text\">Trumpet (Medieval)<\/span><\/a><\/p>\n","protected":false},"author":223,"featured_media":0,"parent":277,"menu_order":0,"comment_status":"closed","ping_status":"closed","template":"","meta":{"spay_email":""},"_links":{"self":[{"href":"https:\/\/caslabs.case.edu\/medren\/wp-json\/wp\/v2\/pages\/390"}],"collection":[{"href":"https:\/\/caslabs.case.edu\/medren\/wp-json\/wp\/v2\/pages"}],"about":[{"href":"https:\/\/caslabs.case.edu\/medren\/wp-json\/wp\/v2\/types\/page"}],"author":[{"embeddable":true,"href":"https:\/\/caslabs.case.edu\/medren\/wp-json\/wp\/v2\/users\/223"}],"replies":[{"embeddable":true,"href":"https:\/\/caslabs.case.edu\/medren\/wp-json\/wp\/v2\/comments?post=390"}],"version-history":[{"count":1,"href":"https:\/\/caslabs.case.edu\/medren\/wp-json\/wp\/v2\/pages\/390\/revisions"}],"predecessor-version":[{"id":397,"href":"https:\/\/caslabs.case.edu\/medren\/wp-json\/wp\/v2\/pages\/390\/revisions\/397"}],"up":[{"embeddable":true,"href":"https:\/\/caslabs.case.edu\/medren\/wp-json\/wp\/v2\/pages\/277"}],"wp:attachment":[{"href":"https:\/\/caslabs.case.edu\/medren\/wp-json\/wp\/v2\/media?parent=390"}],"curies":[{"name":"wp","href":"https:\/\/api.w.org\/{rel}","templated":true}]}}